{"id":54,"date":"2025-12-13T07:35:00","date_gmt":"2025-12-13T07:35:00","guid":{"rendered":"https:\/\/holmontessori.no\/?page_id=54"},"modified":"2025-12-17T19:26:51","modified_gmt":"2025-12-17T19:26:51","slug":"jobb-hos-oss","status":"publish","type":"page","link":"https:\/\/holmontessori.no\/index.php\/jobb-hos-oss\/","title":{"rendered":"Jobb hos oss"},"content":{"rendered":"\n<div class=\"wp-block-group alignfull has-global-padding is-layout-constrained wp-container-core-group-is-layout-490fa1db wp-block-group-is-layout-constrained\" style=\"padding-top:var(--wp--preset--spacing--50);padding-right:var(--wp--preset--spacing--50);padding-bottom:var(--wp--preset--spacing--50);padding-left:var(--wp--preset--spacing--50)\">\n<div class=\"wp-block-group has-global-padding is-layout-constrained wp-container-core-group-is-layout-650790e1 wp-block-group-is-layout-constrained\">\n<h1 class=\"wp-block-heading has-text-align-center has-x-large-font-size\">Brenner du for barns utvikling og \u00f8nsker \u00e5 v\u00e6re med p\u00e5 \u00e5 forme en skole fra start?<\/h1>\n\n\n\n<div style=\"height:1.25rem\" aria-hidden=\"true\" class=\"wp-block-spacer\"><\/div>\n\n\n\n<p class=\"has-text-align-center\">Hol Montessoriskole starter h\u00f8sten 2026 og trenger engasjerte ansatte som vil v\u00e6re med \u00e5 utvikle en ny skole basert p\u00e5 montessoripedagogikken.<\/p>\n<\/div>\n\n\n\n<p class=\"has-text-align-center has-large-font-size\"><strong>Vi trenger <a href=\"#Rektor\">rektor<\/a> , <a href=\"#l\u00e6rer\">montessoripedagoger <\/a>og <a href=\"#assistent\">l\u00e6rerassistenter.<\/a><\/strong><\/p>\n<\/div>\n\n\n\n<div class=\"wp-block-group alignfull has-base-2-background-color has-background has-global-padding is-layout-constrained wp-container-core-group-is-layout-669513ed wp-block-group-is-layout-constrained\" id=\"Rektor\" style=\"margin-top:0;margin-bottom:0;padding-top:var(--wp--preset--spacing--50);padding-right:var(--wp--preset--spacing--50);padding-bottom:var(--wp--preset--spacing--50);padding-left:var(--wp--preset--spacing--50)\">\n<div class=\"wp-block-group is-vertical is-content-justification-center is-layout-flex wp-container-core-group-is-layout-52b864f0 wp-block-group-is-layout-flex\">\n<h2 class=\"wp-block-heading has-text-align-center is-style-asterisk\">Fast stilling som rektor<\/h2>\n\n\n\n<div style=\"height:0px\" aria-hidden=\"true\" class=\"wp-block-spacer wp-container-content-4f2ccadb\"><\/div>\n\n\n\n<p class=\"has-text-align-left\"><br>Er du en engasjert og ambisi\u00f8s leder som brenner for barns utvikling og l\u00e6ring? Har du gode samarbeidsegenskaper? Har du lyst til \u00e5 forme en skole fra start? Stillingen som rektor har tiltredelse 1.juni 2026 med mulighet for tidligere tiltredelse eller annet etter avtale.<\/p>\n\n\n\n<div style=\"height:20px\" aria-hidden=\"true\" class=\"wp-block-spacer wp-container-content-62aae154\"><\/div>\n\n\n\n<p class=\"has-text-align-left\">Hol Montessoriskole er en ny, statlig godkjent, privat grunnskole basert p\u00e5 pedagogikken til Maria Montessori. Skolen har oppstart h\u00f8sten 2026 og vil tilby grunnskoleundervisning fra trinn 1-7.<br>Skolen ligger i Skurdalen i Hol kommune og er omsluttet av nydelig natur som vi \u00f8nsker skal benyttes aktivt i skolehverdagen. Vi \u00f8nsker at skolen skal drives som en leksefri heldagsskole. Elevene f\u00e5r tilbud om gratis skoleskyss fra bosted i Hol kommune. Skolen vil ikke tilby SFO til \u00e5 begynne med, men dette kan v\u00e6re aktuelt etter hvert. Skolen har et flott skolekj\u00f8kken som vi \u00f8nsker skal benyttes aktivt, s\u00e5 barna kan lage mat til seg selv og medelever.<\/p>\n\n\n\n<p class=\"has-text-align-left\"><\/p>\n<\/div>\n\n\n\n<div style=\"margin-top:0;margin-bottom:0;height:var(--wp--preset--spacing--40)\" aria-hidden=\"true\" class=\"wp-block-spacer\"><\/div>\n\n\n\n<div class=\"wp-block-columns alignwide is-layout-flex wp-container-core-columns-is-layout-d0bbbce0 wp-block-columns-is-layout-flex\">\n<div class=\"wp-block-column is-layout-flow wp-container-core-column-is-layout-e3d1c41b wp-block-column-is-layout-flow\">\n<h3 class=\"wp-block-heading has-text-align-left is-style-asterisk has-body-font-family has-medium-font-size\" style=\"font-style:normal;font-weight:600\">\u00d8vrige oppgaver<\/h3>\n\n\n\n<p class=\"has-text-align-left\">\u2022 Ansvarlig for at skoledriften samsvarer med oppl\u00e6ringsloven og retningslinjer gitt departementet.<\/p>\n\n\n\n<p>\u2022 Utvikling av l\u00e6ringsmilj\u00f8: Skape og opprettholde et trygt, varmt og inkluderende l\u00e6ringsmilj\u00f8<\/p>\n\n\n\n<p>\u2022 Utvikling og ledelse: Lede og videreutvikle skolens profesjonsfellesskap<\/p>\n\n\n\n<p>\u2022 Ressursforvaltning: Forvalte skolens ressurser effektivt for \u00e5 sikre god elevtilpasset undervisning<\/p>\n\n\n\n<p>\u2022 \u00d8konomistyring: Sikre god \u00f8konomistyring og videreutvikle gode rutiner og systemer.<\/p>\n\n\n\n<p>\u2022 Motivere medarbeidere: Lede og motivere medarbeidere til samarbeid og m\u00e5lrettet innsats til det beste for elevene<\/p>\n\n\n\n<p class=\"has-text-align-left\">\u2022 Ansvar for utarbeidelse av \u00e5rsrapport, virksomhetsplan m.m.<\/p>\n\n\n\n<ul class=\"wp-block-list\">\n<li>Sikre elevenes rettigheter for spesialundervisningen etter oppl\u00e6ringslovens \u00a7 5.2<\/li>\n<\/ul>\n<\/div>\n\n\n\n<div class=\"wp-block-column is-layout-flow wp-container-core-column-is-layout-e3d1c41b wp-block-column-is-layout-flow\">\n<h3 class=\"wp-block-heading has-text-align-left is-style-asterisk has-body-font-family has-medium-font-size\" style=\"font-style:normal;font-weight:600\">Kvalifikasjoner<\/h3>\n\n\n\n<p>\u2022 Relevant h\u00f8yere utdanning og pedagogisk kompetanse; lederutdanning \u00f8nskes. h\u00f8yskole\/universitetsutdanning.<\/p>\n\n\n\n<p>\u2022 Ledererfaring<\/p>\n\n\n\n<p>\u2022 Kjennskap til montessoripedagogikken<\/p>\n\n\n\n<p class=\"has-text-align-left\">\u2022 Gode kommunikasjonsevner, skriftlig og muntlig<\/p>\n<\/div>\n\n\n\n<div class=\"wp-block-column is-layout-flow wp-container-core-column-is-layout-e3d1c41b wp-block-column-is-layout-flow\">\n<h3 class=\"wp-block-heading has-text-align-left is-style-asterisk has-body-font-family has-medium-font-size\" style=\"font-style:normal;font-weight:600\">Personlige egenskaper<\/h3>\n\n\n\n<p>\u2022 Varmt engasjement for barn<\/p>\n\n\n\n<p>\u2022 Strukturert, besluttsom, og evne til \u00e5 jobbe systematisk og langsiktig<\/p>\n\n\n\n<p>\u2022 Gode relasjonsferdigheter og gode samarbeidsevner<\/p>\n\n\n\n<p>\u2022 Utviklingsorientert og har evne til \u00e5 gjennomf\u00f8re endringer sammen med styret og de ansatte p\u00e5 en profesjonell og samarbeidsvillig m\u00e5te<\/p>\n\n\n\n<p>\u2022 Opptatt av psykologisk trygghet i arbeidsfellesskap<\/p>\n\n\n\n<p>\u2022 God \u00f8konomiforst\u00e5else<\/p>\n\n\n\n<p class=\"has-text-align-left\">\u2022 Interesse for montessoripedagogikk<\/p>\n<\/div>\n<\/div>\n\n\n\n<div style=\"height:var(--wp--preset--spacing--20)\" aria-hidden=\"true\" class=\"wp-block-spacer\"><\/div>\n\n\n\n<div class=\"wp-block-columns alignwide is-layout-flex wp-container-core-columns-is-layout-d0bbbce0 wp-block-columns-is-layout-flex\">\n<div class=\"wp-block-column is-layout-flow wp-container-core-column-is-layout-e3d1c41b wp-block-column-is-layout-flow\">\n<h3 class=\"wp-block-heading has-text-align-left is-style-asterisk has-body-font-family has-medium-font-size\" style=\"font-style:normal;font-weight:600\">Arbeidsmilj\u00f8<\/h3>\n\n\n\n<p class=\"has-text-align-left\">Vi \u00f8nsker deg som vil skape et positivt og innovativt arbeidsmilj\u00f8 med muligheter for faglig utvikling i samarbeid med skolestyret og Foreldreutvalget (FAU).<\/p>\n<\/div>\n\n\n\n<div class=\"wp-block-column is-layout-flow wp-container-core-column-is-layout-e3d1c41b wp-block-column-is-layout-flow\">\n<h3 class=\"wp-block-heading has-text-align-left is-style-asterisk has-body-font-family has-medium-font-size\" style=\"font-style:normal;font-weight:600\">Vi kan tilby<\/h3>\n\n\n\n<p class=\"has-text-align-left\">Et spennende og trivelig milj\u00f8 med dyktige fagpersoner, engasjerte foresatte og n\u00e6rhet til lokalsamfunnet. Oppl\u00e6ring vil bli gitt.<\/p>\n\n\n\n<p>L\u00f8nn i henhold til statlige og lokale avtaler.<\/p>\n\n\n\n<p>Politiattest m\u00e5 fremlegges ved tiltredelse.<\/p>\n<\/div>\n\n\n\n<div class=\"wp-block-column is-layout-flow wp-container-core-column-is-layout-e3d1c41b wp-block-column-is-layout-flow\">\n<h3 class=\"wp-block-heading has-text-align-left is-style-asterisk has-body-font-family has-medium-font-size\" style=\"font-style:normal;font-weight:600\">Kontaktinformasjon<\/h3>\n\n\n\n<p class=\"has-text-align-left\">Sp\u00f8rsm\u00e5l om stillingen rettes til skolestyreleder Arnhild Nedrest\u00f8l.<\/p>\n\n\n\n<p class=\"has-text-align-left\">E-post: post@holmontessori.no<\/p>\n\n\n\n<p><strong>S\u00f8knadsfrist: 1.mars<\/strong><\/p>\n\n\n\n<p><strong>Arbeidsgiver:<\/strong> Hol Montessoriskole<br><strong>Sted: Skurdalen i Hol kommune<\/strong><\/p>\n<\/div>\n<\/div>\n<\/div>\n\n\n\n<div class=\"wp-block-group alignfull has-accent-background-color has-background has-global-padding is-layout-constrained wp-container-core-group-is-layout-669513ed wp-block-group-is-layout-constrained\" id=\"l\u00e6rer\" style=\"margin-top:0;margin-bottom:0;padding-top:var(--wp--preset--spacing--50);padding-right:var(--wp--preset--spacing--50);padding-bottom:var(--wp--preset--spacing--50);padding-left:var(--wp--preset--spacing--50)\">\n<div class=\"wp-block-group is-vertical is-content-justification-center is-layout-flex wp-container-core-group-is-layout-52b864f0 wp-block-group-is-layout-flex\">\n<h2 class=\"wp-block-heading has-text-align-center is-style-asterisk\">Montessoripedagog i (inntil)100% stilling<\/h2>\n\n\n\n<div style=\"height:0px\" aria-hidden=\"true\" class=\"wp-block-spacer wp-container-content-4f2ccadb\"><\/div>\n\n\n\n<p class=\"has-text-align-left\"><br>Er du en engasjert og positiv pedagog som brenner for barns utvikling og l\u00e6ring? Har du gode samarbeidsegenskaper? Har du lyst til \u00e5 v\u00e6re med p\u00e5 \u00e5 forme en skole fra start?<br>Vi s\u00f8ker en raus person som \u00f8nsker \u00e5 bygge et inkluderende fellesskap, som er god til \u00e5 formidle og til \u00e5 tilpasse form og innhold slik at du n\u00e5r den enkelte elev. Vi s\u00f8ker DEG som liker \u00e5 bygge mellommenneskelige relasjoner, og som trives i lag med flere ulike typer mennesker.<br>Stillingen som pedagog har tiltredelse fra <strong>1.august 2026<\/strong>.<\/p>\n\n\n\n<div style=\"height:20px\" aria-hidden=\"true\" class=\"wp-block-spacer wp-container-content-62aae154\"><\/div>\n\n\n\n<p class=\"has-text-align-left\">Hol Montessoriskole er en ny statlig godkjent, privat grunnskole basert p\u00e5 pedagogikken til Maria Montessori som har oppstart h\u00f8sten 2026. Skolen vil v\u00e6re fra 1-7 trinn og du vil f\u00e5 muligheten til \u00e5 v\u00e6re med og forme skolen helt fra begynnelsen! Det er et \u00f8nske at skolen drives som leksefri heldagsskole.<br>Skolen ligger i Skurdalen i Hol kommune og er omsluttet av nydelig natur som vi \u00f8nsker skal benyttes aktivt i skolehverdagen.<\/p>\n\n\n\n<p class=\"has-text-align-left\">Skolen vil ikke tilby SFO til \u00e5 begynne med, men kan v\u00e6re aktuelt etter hvert. Skolen har et flott skolekj\u00f8kken som vi \u00f8nsker skal benyttes aktivt, s\u00e5 barna kan lage mat til seg selv og medelever.<\/p>\n<\/div>\n\n\n\n<div style=\"margin-top:0;margin-bottom:0;height:var(--wp--preset--spacing--40)\" aria-hidden=\"true\" class=\"wp-block-spacer\"><\/div>\n\n\n\n<div class=\"wp-block-columns alignwide is-layout-flex wp-container-core-columns-is-layout-d0bbbce0 wp-block-columns-is-layout-flex\">\n<div class=\"wp-block-column is-layout-flow wp-container-core-column-is-layout-e3d1c41b wp-block-column-is-layout-flow\">\n<h3 class=\"wp-block-heading has-text-align-left is-style-asterisk has-body-font-family has-medium-font-size\" style=\"font-style:normal;font-weight:600\">Kvalifikasjoner:<\/h3>\n\n\n\n<ul class=\"wp-block-list\">\n<li>Godkjent l\u00e6rerutdanning<\/li>\n<\/ul>\n\n\n\n<ul class=\"wp-block-list\">\n<li>Utdannet montessoripedagog eller god kjennskap og interesse for montessoripedagogikken.<\/li>\n<\/ul>\n\n\n\n<ul class=\"wp-block-list\">\n<li>Gode ferdigheter innenfor klasseledelse<\/li>\n<\/ul>\n\n\n\n<ul class=\"wp-block-list\">\n<li>\u00d8nske og interesse for \u00e5 videreutvikle skolen som en l\u00e6rende organisasjon<\/li>\n<\/ul>\n<\/div>\n\n\n\n<div class=\"wp-block-column is-layout-flow wp-container-core-column-is-layout-e3d1c41b wp-block-column-is-layout-flow\">\n<h3 class=\"wp-block-heading has-text-align-left is-style-asterisk has-body-font-family has-medium-font-size\" style=\"font-style:normal;font-weight:600\">Personlige egenskaper:<\/h3>\n\n\n\n<ul class=\"wp-block-list\">\n<li>Du \u00f8nsker \u00e5 jobbe med montessoripedagogikk<\/li>\n<\/ul>\n\n\n\n<ul class=\"wp-block-list\">\n<li>Du er faglig engasjert og dyktig<\/li>\n<\/ul>\n\n\n\n<ul class=\"wp-block-list\">\n<li>Du er tydelig og kommuniserer godt og respektfullt med elever, kolleger og foresatte<\/li>\n<\/ul>\n\n\n\n<ul class=\"wp-block-list\">\n<li>Du er selvstendig, men ogs\u00e5 samarbeidsvillig og l\u00f8sningsorientert<\/li>\n<\/ul>\n\n\n\n<ul class=\"wp-block-list\">\n<li>Du har interesse for \u2013 og evne til \u00e5 bygge gode relasjoner<\/li>\n<\/ul>\n\n\n\n<ul class=\"wp-block-list\">\n<li>Du er genuint opptatt av elevenes l\u00e6ring og utvikling<\/li>\n<\/ul>\n\n\n\n<ul class=\"wp-block-list\">\n<li>Du er inkluderende og engasjert<\/li>\n<\/ul>\n<\/div>\n\n\n\n<div class=\"wp-block-column is-layout-flow wp-container-core-column-is-layout-e3d1c41b wp-block-column-is-layout-flow\">\n<h3 class=\"wp-block-heading has-text-align-left is-style-asterisk has-body-font-family has-medium-font-size\" style=\"font-style:normal;font-weight:600\">Arbeidsoppgaver:<\/h3>\n\n\n\n<ul class=\"wp-block-list\">\n<li>Planlegge og legge til rette for elevenes l\u00e6ring og undervisning<\/li>\n<\/ul>\n\n\n\n<ul class=\"wp-block-list\">\n<li>Observere og f\u00f8lge opp elevenes l\u00e6ring<\/li>\n<\/ul>\n\n\n\n<ul class=\"wp-block-list\">\n<li>Kontaktl\u00e6reransvar<\/li>\n<\/ul>\n\n\n\n<ul class=\"wp-block-list\">\n<li>Tilrettelegge for et godt og trygt skolemilj\u00f8<\/li>\n<\/ul>\n\n\n\n<ul class=\"wp-block-list\">\n<li>Bidra til et godt samarbeid med foresatte<\/li>\n<\/ul>\n\n\n\n<ul class=\"wp-block-list\">\n<li>Delta og bidra i et l\u00e6rende fellesskap<\/li>\n<\/ul>\n<\/div>\n<\/div>\n\n\n\n<div style=\"height:var(--wp--preset--spacing--20)\" aria-hidden=\"true\" class=\"wp-block-spacer\"><\/div>\n\n\n\n<div class=\"wp-block-columns alignwide is-layout-flex wp-container-core-columns-is-layout-d0bbbce0 wp-block-columns-is-layout-flex\">\n<div class=\"wp-block-column is-layout-flow wp-container-core-column-is-layout-e3d1c41b wp-block-column-is-layout-flow\">\n<h3 class=\"wp-block-heading has-text-align-left is-style-asterisk has-body-font-family has-medium-font-size\" style=\"font-style:normal;font-weight:600\">Vi kan tilby<\/h3>\n\n\n\n<p class=\"has-text-align-left\">Et spennende og trivelig milj\u00f8 med dyktige fagpersoner, engasjerte foresatte og n\u00e6rhet til lokalsamfunnet. L\u00f8nn blir gitt i henhold til statlige og lokale avtaler. Politiattest m\u00e5 fremlegges ved tiltredelse.<\/p>\n<\/div>\n\n\n\n<div class=\"wp-block-column is-layout-flow wp-container-core-column-is-layout-e3d1c41b wp-block-column-is-layout-flow\">\n<h3 class=\"wp-block-heading has-text-align-left is-style-asterisk has-body-font-family has-medium-font-size\" style=\"font-style:normal;font-weight:600\">Arbeidsmilj\u00f8<\/h3>\n\n\n\n<p class=\"has-text-align-left\">Vi \u00f8nsker deg som vil skape et positivt og innovativt arbeidsmilj\u00f8 med muligheter for faglig utvikling i samarbeid med skolestyret og Foreldreutvalget (FAU).<\/p>\n<\/div>\n\n\n\n<div class=\"wp-block-column is-layout-flow wp-container-core-column-is-layout-e3d1c41b wp-block-column-is-layout-flow\">\n<h3 class=\"wp-block-heading has-text-align-left is-style-asterisk has-body-font-family has-medium-font-size\" style=\"font-style:normal;font-weight:600\">Kontaktinformasjon<\/h3>\n\n\n\n<p class=\"has-text-align-left\">Sp\u00f8rsm\u00e5l om stillingen rettes til skolestyreleder Arnhild Nedrest\u00f8l.<\/p>\n\n\n\n<p class=\"has-text-align-left\">E-post: post@holmontessori.no<\/p>\n\n\n\n<p><strong>S\u00f8knadsfrist: 1.mars<\/strong><\/p>\n\n\n\n<p><strong>Arbeidsgiver:<\/strong> Hol Montessoriskole<br><strong>Sted: Skurdalen i Hol kommune<\/strong><\/p>\n<\/div>\n<\/div>\n<\/div>\n\n\n\n<div class=\"wp-block-group alignfull has-base-2-background-color has-background has-global-padding is-layout-constrained wp-container-core-group-is-layout-669513ed wp-block-group-is-layout-constrained\" id=\"Rektor\" style=\"margin-top:0;margin-bottom:0;padding-top:var(--wp--preset--spacing--50);padding-right:var(--wp--preset--spacing--50);padding-bottom:var(--wp--preset--spacing--50);padding-left:var(--wp--preset--spacing--50)\">\n<div id=\"assistent\" class=\"wp-block-group is-vertical is-content-justification-center is-layout-flex wp-container-core-group-is-layout-52b864f0 wp-block-group-is-layout-flex\">\n<h2 class=\"wp-block-heading has-text-align-center is-style-asterisk\">L\u00e6rerassistent i (inntil) 100% stilling<\/h2>\n\n\n\n<div style=\"height:0px\" aria-hidden=\"true\" class=\"wp-block-spacer wp-container-content-4f2ccadb\"><\/div>\n\n\n\n<p class=\"has-text-align-left\">Er du en engasjert og positiv person som brenner for barns utvikling og l\u00e6ring? Har du gode samarbeidsegenskaper? Har du lyst til \u00e5 v\u00e6re med og forme en skole helt fra start? Vi s\u00f8ker en person som er fleksibel, som liker \u00e5 tilpasse form og innhold ovenfor ulike elever, og som dessuten brenner for \u00e5 videreformidle montessoripedagogikken. Vi s\u00f8ker DEG som liker \u00e5 bygge mellommenneskelige relasjoner, og som er villig til \u00e5 strekke deg for \u00e5 n\u00e5 ut til den enkelte elev. Stillingen som assistent har tiltredelse fra 1.august 2026.<\/p>\n\n\n\n<div style=\"height:20px\" aria-hidden=\"true\" class=\"wp-block-spacer wp-container-content-62aae154\"><\/div>\n\n\n\n<p class=\"has-text-align-left\">Hol Montessoriskole er en ny statlig godkjent, privat grunnskole basert p\u00e5 pedagogikken til Maria Montessori som har oppstart h\u00f8sten 2026. Skolen vil v\u00e6re fra 1-7 trinn og du vil f\u00e5 muligheten til \u00e5 v\u00e6re med og forme skolen helt fra begynnelsen! Skolen ligger i Skurdalen i Hol kommune og er omsluttet av nydelig natur som vi \u00f8nsker skal benyttes aktivt i skolehverdagen. Skolen vil ikke tilby SFO til \u00e5 begynne med, men kan v\u00e6re aktuelt etterhvert. Skolen har et flott skolekj\u00f8kken som vi \u00f8nsker skal benyttes aktivt, s\u00e5 barna kan lage mat til seg selv og medelever.<\/p>\n<\/div>\n\n\n\n<div style=\"margin-top:0;margin-bottom:0;height:var(--wp--preset--spacing--40)\" aria-hidden=\"true\" class=\"wp-block-spacer\"><\/div>\n\n\n\n<div class=\"wp-block-columns alignwide is-layout-flex wp-container-core-columns-is-layout-d0bbbce0 wp-block-columns-is-layout-flex\">\n<div class=\"wp-block-column is-layout-flow wp-container-core-column-is-layout-e3d1c41b wp-block-column-is-layout-flow\">\n<h3 class=\"wp-block-heading has-text-align-left is-style-asterisk has-body-font-family has-medium-font-size\" style=\"font-style:normal;font-weight:600\">Kvalifikasjoner:<\/h3>\n\n\n\n<ul class=\"wp-block-list\">\n<li>Relevant erfaring og kompetanse innenfor arbeid med barn og unge<\/li>\n<\/ul>\n\n\n\n<ul class=\"wp-block-list\">\n<li>Gode mellom-menneskelige evner<\/li>\n<\/ul>\n\n\n\n<ul class=\"wp-block-list\">\n<li>God kjennskap til montessoripedagogikken<\/li>\n<\/ul>\n\n\n\n<ul class=\"wp-block-list\">\n<li>\u00d8nske og interesse for \u00e5 videreutvikle skolen som en l\u00e6rende organisasjon<\/li>\n<\/ul>\n<\/div>\n\n\n\n<div class=\"wp-block-column is-layout-flow wp-container-core-column-is-layout-e3d1c41b wp-block-column-is-layout-flow\">\n<h3 class=\"wp-block-heading has-text-align-left is-style-asterisk has-body-font-family has-medium-font-size\" style=\"font-style:normal;font-weight:600\">Personlige egenskaper:<\/h3>\n\n\n\n<ul class=\"wp-block-list\">\n<li> Du \u00f8nsker \u00e5 jobbe med montessoripedagogikk<\/li>\n<\/ul>\n\n\n\n<ul class=\"wp-block-list\">\n<li>Du er faglig engasjert og dyktig<\/li>\n<\/ul>\n\n\n\n<ul class=\"wp-block-list\">\n<li>Du er tydelig og kommuniserer godt og respektfullt med elever, kolleger og foresatte<\/li>\n<\/ul>\n\n\n\n<ul class=\"wp-block-list\">\n<li>Du er selvstendig, men ogs\u00e5 samarbeidsvillig og l\u00f8sningsorientert<\/li>\n<\/ul>\n\n\n\n<ul class=\"wp-block-list\">\n<li>Du har interesse for \u2013 og evne til \u00e5 bygge gode relasjoner<\/li>\n<\/ul>\n\n\n\n<ul class=\"wp-block-list\">\n<li>Du er genuint opptatt av elevenes l\u00e6ring og utvikling<\/li>\n<\/ul>\n\n\n\n<ul class=\"wp-block-list\">\n<li>Du er inkluderende og engasjert<\/li>\n<\/ul>\n<\/div>\n\n\n\n<div class=\"wp-block-column is-layout-flow wp-container-core-column-is-layout-e3d1c41b wp-block-column-is-layout-flow\">\n<h3 class=\"wp-block-heading has-text-align-left is-style-asterisk has-body-font-family has-medium-font-size\" style=\"font-style:normal;font-weight:600\">Arbeidsoppgaver:<\/h3>\n\n\n\n<ul class=\"wp-block-list\">\n<li>Bidra med \u00e5 planlegge og st\u00f8tte elevenes l\u00e6ring og undervisning<\/li>\n<\/ul>\n\n\n\n<ul class=\"wp-block-list\">\n<li>Observere og f\u00f8lge opp elevenes l\u00e6ring<\/li>\n<\/ul>\n\n\n\n<ul class=\"wp-block-list\">\n<li>Tilrettelegge for et godt og trygt skolemilj\u00f8<\/li>\n<\/ul>\n\n\n\n<ul class=\"wp-block-list\">\n<li>Bidra til et godt samarbeid med foresatte<\/li>\n<\/ul>\n\n\n\n<ul class=\"wp-block-list\">\n<li>Delta og bidra i et l\u00e6rende fellesskap<\/li>\n<\/ul>\n<\/div>\n<\/div>\n\n\n\n<div style=\"height:var(--wp--preset--spacing--20)\" aria-hidden=\"true\" class=\"wp-block-spacer\"><\/div>\n\n\n\n<div class=\"wp-block-columns alignwide is-layout-flex wp-container-core-columns-is-layout-d0bbbce0 wp-block-columns-is-layout-flex\">\n<div class=\"wp-block-column is-layout-flow wp-container-core-column-is-layout-e3d1c41b wp-block-column-is-layout-flow\">\n<h3 class=\"wp-block-heading has-text-align-left is-style-asterisk has-body-font-family has-medium-font-size\" style=\"font-style:normal;font-weight:600\">Vi kan tilby<\/h3>\n\n\n\n<p class=\"has-text-align-left\">et spennende og trivelig milj\u00f8 med dyktige fagpersoner, engasjerte foresatte og n\u00e6rhet til lokalsamfunnet. L\u00f8nn blir gitt i henholdt til statlige og lokale avtaler. Politiattest m\u00e5 fremlegges ved tiltredelse.<\/p>\n<\/div>\n\n\n\n<div class=\"wp-block-column is-layout-flow wp-container-core-column-is-layout-e3d1c41b wp-block-column-is-layout-flow\">\n<h3 class=\"wp-block-heading has-text-align-left is-style-asterisk has-body-font-family has-medium-font-size\" style=\"font-style:normal;font-weight:600\">Kontaktinformasjon<\/h3>\n\n\n\n<p>Sp\u00f8rsm\u00e5l om stillingen rettes til skolestyreleder Arnhild Nedrest\u00f8l.<\/p>\n\n\n\n<p class=\"has-text-align-left\">E-post: post@holmontessori.no<\/p>\n\n\n\n<p><strong>S\u00f8knadsfrist: 1.mars<\/strong><\/p>\n\n\n\n<p><strong>Arbeidsgiver:<\/strong> Hol Montessoriskole<br><strong>Sted: Skurdalen i Hol kommune<\/strong><\/p>\n<\/div>\n<\/div>\n\n\n\n<p><\/p>\n<\/div>\n\n\n\n<div class=\"wp-block-group alignfull has-base-color has-contrast-background-color has-text-color has-background has-global-padding is-layout-constrained wp-container-core-group-is-layout-ef3d885c wp-block-group-is-layout-constrained\" style=\"margin-top:0;margin-bottom:0;padding-top:var(--wp--preset--spacing--60);padding-right:var(--wp--preset--spacing--60);padding-bottom:var(--wp--preset--spacing--60);padding-left:var(--wp--preset--spacing--60)\">\n<div class=\"wp-block-group has-global-padding is-layout-constrained wp-block-group-is-layout-constrained\">\n<div style=\"height:var(--wp--preset--spacing--10)\" aria-hidden=\"true\" class=\"wp-block-spacer\"><\/div>\n\n\n\n<p class=\"has-text-align-center has-base-color has-text-color has-heading-font-family has-x-large-font-size\" style=\"line-height:1.2\"><em>\u201cThe greatest sign of success for a teacher is to be able to say, \u00abThe children are now working as if I did not exist.<\/em>\u00bb<em>&nbsp;\u201d<\/em><\/p>\n\n\n\n<div class=\"wp-block-group is-vertical is-content-justification-center is-nowrap is-layout-flex wp-container-core-group-is-layout-2dc08cea wp-block-group-is-layout-flex\">\n\n\n<p class=\"has-text-align-center\" style=\"margin-top:var(--wp--preset--spacing--10);margin-bottom:0\">Maria Montessori<\/p>\n<\/div>\n<\/div>\n<\/div>\n\n\n\n<p><\/p>\n","protected":false},"excerpt":{"rendered":"<p>Brenner du for barns utvikling og \u00f8nsker \u00e5 v\u00e6re med p\u00e5 \u00e5 forme en skole fra start? Hol Montessoriskole starter h\u00f8sten 2026 og trenger engasjerte ansatte som vil v\u00e6re med \u00e5 utvikle en ny skole basert p\u00e5 montessoripedagogikken. Vi trenger rektor , montessoripedagoger og l\u00e6rerassistenter. Fast stilling som rektor Er du en engasjert og ambisi\u00f8s [&hellip;]<\/p>\n","protected":false},"author":1,"featured_media":0,"parent":0,"menu_order":0,"comment_status":"closed","ping_status":"closed","template":"","meta":{"footnotes":"[]"},"class_list":["post-54","page","type-page","status-publish","hentry"],"_links":{"self":[{"href":"https:\/\/holmontessori.no\/index.php\/wp-json\/wp\/v2\/pages\/54","targetHints":{"allow":["GET"]}}],"collection":[{"href":"https:\/\/holmontessori.no\/index.php\/wp-json\/wp\/v2\/pages"}],"about":[{"href":"https:\/\/holmontessori.no\/index.php\/wp-json\/wp\/v2\/types\/page"}],"author":[{"embeddable":true,"href":"https:\/\/holmontessori.no\/index.php\/wp-json\/wp\/v2\/users\/1"}],"replies":[{"embeddable":true,"href":"https:\/\/holmontessori.no\/index.php\/wp-json\/wp\/v2\/comments?post=54"}],"version-history":[{"count":41,"href":"https:\/\/holmontessori.no\/index.php\/wp-json\/wp\/v2\/pages\/54\/revisions"}],"predecessor-version":[{"id":100,"href":"https:\/\/holmontessori.no\/index.php\/wp-json\/wp\/v2\/pages\/54\/revisions\/100"}],"wp:attachment":[{"href":"https:\/\/holmontessori.no\/index.php\/wp-json\/wp\/v2\/media?parent=54"}],"curies":[{"name":"wp","href":"https:\/\/api.w.org\/{rel}","templated":true}]}}